 d be 1/(174/(-60) + 3). Suppose -5*h + b + 565 = 5*b, 0 = 2*b - d. Is 8 a factor of h?
False
Suppose -3*b - 5*g - 19 = 0, -2*b + 11*g = 8*g. Is (-46)/(-3)*5/((-5)/b) a multiple of 46?
True
Let l be 8/(-12) - (-59)/3. Suppose 0*f - m - l = -f, -5*f = 2*m - 102. Is f a multiple of 10?
True
Let o(z) = z**2 + 6*z + 5. Let q be o(-7). Suppose 2*l = l + q. Is l/42 - 192/(-14) a multiple of 7?
True
Let y = -20 - -23. Let b = y - 3. Suppose 8*v - 3*v - 360 = b. Is v a multiple of 24?
True
Let m(j) = j**3 + 7*j**2 - 11*j - 3. Let o be m(-8). Is 17 a factor of 1 - (o - 1)*(-10)/4?
True
Let u = -1621 + 1986. Is 7 a factor of u?
False
Let w be (-54 - 0)*14/(-4). Let o be 2/(-5) - w/(-35). Suppose -2*f + f + 52 = 5*g, -o*g + 3*f = -44. Is 10 a factor of g?
True
Let r = -10 + 9. Let z(y) = y**3 - y**2 + y. Let b(q) = 3*q**3 + 3*q**2 + 5*q + 11. Let f(d) = r*b(d) + 4*z(d). Is 15 a factor of f(8)?
True
Is 52 a factor of 208/(-9 + 1705/187)?
True
Let y be 4*3/(-3) + 9. Suppose y*w - 574 = 196. Does 11 divide w?
True
Let v = 685 - 674. Is v even?
False
Suppose 0 = -5*g + 4*g + 80. Suppose -5*s + g = -s. Suppose 3*a - 7*a + s = 0. Is a a multiple of 3?
False
Let g(r) = 58*r - 2. Let s be g(-1). Does 40 divide 3/(54/s)*-12?
True
Let u = 2720 - 1578. Is 14 a factor of u?
False
Suppose -3*b - b - 8 = 0. Let z be (-91)/(-77) - b/(-11). Suppose 12 = 2*s - 2*l, -l = s - 3*l - z. Is s even?
False
Suppose -2*p + 5*p - 1557 = 0. Suppose 0 = 9*m - 318 - p. Is 31 a factor of m?
True
Suppose -936 = -11*f - f. Is f a multiple of 13?
True
Suppose -9*v + 7*v = 4. Let r be (-115)/(-10) - (-1)/v. Suppose 2*c - 31 = -r. Is c a multiple of 10?
True
Let x = 454 + -193. Does 34 divide x?
False
Suppose 22*k - 2*q - 48 = 21*k, 0 = -2*q + 2. Does 10 divide k?
True
Suppose -3*b = 5*w - 10, 4*b + 30 = -w + 3*w. Suppose 16 = 3*s - k - 8, -w*k = 15. Let d = s + 8. Does 9 divide d?
False
Suppose -5*p = 2*f - 1954, 0 = -p - f + 194 + 198. Is p a multiple of 15?
True
Let i(h) = -h - 2. Let r(x) = 24*x + 16. Let c(q) = -8*i(q) - r(q). Let y = -11 + 8. Is c(y) a multiple of 25?
False
Suppose -23184 - 28791 = -45*d. Is 21 a factor of d?
True
Suppose -9310 = -19*k + 5*k. Is 49 a factor of k?
False
Let x(j) = -j**2 + 6*j. Let w be x(-7). Let f = -20 - w. Is 12 a factor of f?
False
Let i = -39 - -55. Let y = i + -12. Suppose -3*r - y*k = -k - 75, -3*r + 3*k = -69. Is r a multiple of 14?
False
Suppose 25 - 10 = l. Let q = 49 - l. Is 17 a factor of q?
True
Suppose -3*a - 31 = -5*n, -3*a + 18 = -2*a + 4*n. Let p be (-11)/((-385)/(-42))*(-80)/(-6). Is 22 a factor of ((-209)/(-22))/(a/p)?
False
Suppose 0 = 35*h - 7*h - 4368. Is h a multiple of 13?
True
Let t = -2391 - -4401. Does 15 divide t?
True
Suppose 3*k - 3 = 0, -4*k - 536 = -4*q - 0*k. Is 9 a factor of q?
True
Let p(m) = 9*m - 8*m**2 - 6 + 9 + 0*m**3 + 27 - m**3. Is p(-9) a multiple of 21?
False
Let v be 6/21 - 122/(-14). Suppose -v*k = -1263 - 114. Is 9 a factor of k?
True
Let m(k) be the third derivative of -k**7/840 + k**6/45 - k**5/30 - k**4/8 + 2*k**3/3 + 3*k**2. Let o(l) be the first derivative of m(l). Is 6 a factor of o(7)?
True
Suppose -g = -2*v + 2*g + 20, -12 = -2*v + g. Suppose 4*x + p - 97 = 0, -2*p = v*x + p - 91. Is 25 a factor of x?
True
Let n(o) = 3*o**2 - 15*o + 45. Is n(5) a multiple of 9?
True
Let p be ((-41)/2 - -2)*-2. Suppose t - p - 57 = 0. Is t a multiple of 12?
False
Let k(t) = -t**3 + 9*t**2 + t - 29. Is 22 a factor of k(-7)?
True
Let l be 3/7 + 9/(-21). Suppose -s + 4*s - p - 91 = l, -2*p = -3*s + 89. Does 24 divide s?
False
Let y(o) = 3*o - 34. Let v be y(14). Suppose -v*u + 6*u - 102 = 0. Does 11 divide (u/(-12) - -4)*8?
True
Does 11 divide -18 - -24 - 159/(-1)?
True
Is 3 a factor of 1/6 + (-186550)/(-300)?
False
Let y(x) = -x**3 + 11*x**2 - 10*x - 2. Let c be y(9). Let q = 32 - c. Is 28 a factor of (q - -2)*(-35)/15?
True
Let f(s) = 31*s + 2 - 33*s - 6*s. Let w be (-50)/8 + (-1)/(-4). Is 25 a factor of f(w)?
True
Let k be 6/((108/80)/9). Let y = -11 + k. Is 14 a factor of y?
False
Suppose 395*g - 2616 = 389*g. Does 3 divide g?
False
Let r = 8 - 6. Let p = 1439 - 1441. Does 4 divide (-8)/p + r + 2?
True
Suppose 3 = 2*q - 5*q, -2*q - 278 = -3*x. Is x a multiple of 22?
False
Suppose 4*w = -6*g + 2*g + 292, -148 = -2*g - 4*w. Does 3 divide g?
True
Let l(m) = 2*m**2 - 6*m. Let d be l(4). Let y(s) be the second derivative of s**4/12 - s**3/3 - 2*s**2 + 4*s + 3. Is 16 a factor of y(d)?
False
Let h = -22 + 26. Suppose -2*b = h*u - 416, -u = 2*u - 3*b - 330. Is u a multiple of 10?
False
Let g(y) = -y + 15. Let i(h) = h - 15. Let z(m) = 4*g(m) + 3*i(m). Let t be z(9). Suppose -22 = -2*r + 4*b, -2*b = t*r - 2*r - 14. Is r a multiple of 2?
False
Suppose v - 36 + 2 = 0. Suppose -5 = -b + 3*k, 4*b - 4 + v = 2*k. Is b/3*18/(-4) a multiple of 10?
False
Is 47 a factor of (-12)/(-138) + 86472/92?
True
Suppose 5*o + 4*x - x = 60, 40 = 4*o + 4*x. Does 2 divide o?
False
Suppose -c = -4*y + 18 - 5, 10 = 3*y - c. Is y*(-4)/(-54) + 16721/207 a multiple of 6?
False
Let s = 34 + -30. Is 46 + (-28)/s + 3 a multiple of 21?
True
Let z(v) = v**2 + 19*v + 42. Is 3 a factor of z(14)?
True
Suppose -5*w = -11*w + 732. Is w a multiple of 3?
False
Let z(b) be the third derivative of b**6/120 - 3*b**5/20 + 4*b**3/3 - 12*b**2. Is z(10) a multiple of 36?
True
Suppose -18*l = -51*l + 10923. Does 24 divide l?
False
Let x = 16 + -16. Let l(b) = b**2 + 21 - 12*b - 4 + x*b**2. Is 10 a factor of l(13)?
True
Suppose 5*i - 16*p + 18*p - 2326 = 0, 4*p + 1872 = 4*i. Is 2 a factor of i?
True
Suppose 2*q - 182 = 4*r, -3*r + 196 = -8*q + 10*q. Let p = q - 33. Is p a multiple of 31?
True
Let n = 122 + -276. Let z = 134 - n. Is 36 a factor of z?
True
Let p be 2/(-12)*3*4. Is (p + 6 - 20/6)*99 a multiple of 15?
False
Let a(u) = 6*u**2 - u - 1. Let x(d) = d**3 + 3*d**2 + 6*d + 6. Let t be x(-2). Is 5 a factor of a(t)?
True
Let h(x) = -4*x**2 - 2*x + 1. Let f = 0 + 6. Let y(m) = 5*m**2 + 2*m - 1. Let l(r) = f*h(r) + 5*y(r). Is l(-4) a multiple of 25?
True
Let z(t) = t**3 + 9*t**2 - 4. Let o be 5/((-100)/(-16))*-5. Is 11 a factor of z(o)?
False
Suppose 0*p + 6*p = 546. Is 5 a factor of p?
False
Let x = 368 - 326. Is x a multiple of 7?
True
Let m be 3/6*0 + 286. Does 6 divide (3/(-6))/(m/72 - 4)?
True
Is (1400/15)/10*30 a multiple of 6?
False
Let m be 109/(1/(2/2)). Let r = m + -58. Is 16 a factor of r?
False
Let g(y) = y**3 + 8*y**2 - y - 7. Let v(j) = -3. Let s(l) = 16. Let m(u) = -2*s(u) - 11*v(u). Let c(n) = g(n) + 2*m(n). Does 3 divide c(-8)?
True
Suppose -488 = -8*h - 56. Suppose -t + h = 2*w, 47 = 3*w - t - 34. Does 9 divide w?
True
Let w be 1 - (-6)/(-8) - (-342)/(-24). Is (-80)/w - (-4)/14 a multiple of 3?
True
Let d be ((-3)/6)/((-3)/42). Suppose -w = d*w - 152. Suppose -s + w = -5. Does 6 divide s?
True
Let d(b) = -37*b - 4. Let f(j) = 38*j + 5. Let r(a) = 7*d(a) + 6*f(a). Let m(i) = -10*i + 1. Let h(g) = -8*m(g) + 3*r(g). Does 6 divide h(-2)?
True
Let w(v) = v**3 + 3*v**2 + 2*v + 9. Let x be w(-4). Let q(c) = -c**3 - 12*c**2 + 32*c - 17. Does 13 divide q(x)?
False
Suppose -5 + 1 = -f. Suppose -f*p + 12 = -8. Suppose -p*h + 20 = 3*n - 9, 25 = 3*n + h. Does 5 divide n?
False
Suppose 0 = -0*i + 4*i + 88. Suppose 0 = 5*q - 2*q + 219. Let l = i - q. Does 21 divide l?
False
Let o be -11 + 0/(-2) + 4. Let r = o - -8. Does 3 divide (-2 - 3)*(-4 + r)?
True
Let i(t) = -t**2 + t. Let h(d) = -d**2 - 9*d + 21. Let z(n) = h(n) - 2*i(n). Is 21 a factor of z(-10)?
True
Suppose 1338 = 4*d - 2*m, 0 = m + 5. Suppose -4*t - 4*q = -d, -98 = -2*t - 4*q + 76. Is t a multiple of 18?
False
Suppose 0 = b - 4, 3*g - 4*b = -2*b + 58. Let c = g + -5. Is 10 a factor of c?
False
Let y = 5 + 25. Suppose -2*j + y = -4*w, 35 = 4*j + 3*w - 6*w. Is j a multiple of 4?
False
Let n be (12/30)/(3/30). Suppose -5*o = -4*t - 164, -5*o + n*t = -2*o - 92. Is o a multiple of 18?
True
Let o(m) = -38*m**3 - 5*m**2 - 3*m - 3. Let q be o(-3). Suppose 8*v = q + 821. Is v a multiple of 47?
False
Suppose -29*w = -33*w + 696. Does 6 divide w?
True
Does 18 divide ((-152)/(-16) - 10)/((-1)/468)?
True
Suppose 35 = 9*s + 8. Suppose -2*h - 3*h = s*z - 271, 4*z + 5*h - 358 = 0. Is z a multiple of 38?
False
Let a(q) = -q**2 + 14*q + 2. Let i be a(13). Suppose -2*c + 225 = -i. Is c a multiple of 30?
True
Does 85 div